e units digit of z?
3
Let h(x) = 8*x + 2. What is the tens digit of h(6)?
5
Suppose -3*f = -4*f - 2. Suppose 2*y = 5*m + 5*y - 4, -4*y - 18 = -5*m. What is the units digit of m - (-5 + (-4)/f)?
5
What is the units digit of (-2 - -3)*(31 - 3)?
8
Suppose -214 = -t + 9*u - 5*u, 3*t = -4*u + 706. What is the units digit of t?
0
Let w = 4 - 2. Suppose 2*i - a + 2 = -0, 0 = -w*i + 4*a - 14. Let z = i + 0. What is the units digit of z?
1
Let z(v) = v**2 + 5*v - 6. Let x be z(-7). Suppose w - 6 = -0. Let h = x - w. What is the units digit of h?
2
Let m(f) = 11*f - f**3 - f + 0*f**3 - 5 + 7*f**2. What is the tens digit of m(8)?
1
Let n be (-10)/6*(-3 + 0). Suppose -8 = o - n*o. Suppose 0 = 4*t - 2*t - 3*p - 19, 0 = -3*t - o*p - 4. What is the units digit of t?
2
Suppose 0 = p - 3*p + 104. What is the tens digit of p?
5
Suppose -35*h - 310 = -40*h. What is the units digit of h?
2
Let a = -120 - -78. Let i = -21 - a. What is the units digit of i?
1
Suppose -43 = 3*d - 145. Suppose 2*q - 5*w - 26 = 0, 1 + d = 5*q - 5*w. Suppose -q*f - 14 = -2*c, 6*f + 35 = 5*c + 2*f. What is the units digit of c?
7
Suppose d - 4 = -d, -37 = -l + 5*d. What is the units digit of l?
7
Let g = -1 + 23. Let b = g - 9. What is the units digit of b?
3
Suppose 228 = f + 3*m + 2*m, -4*f + 824 = -2*m. What is the hundreds digit of f?
2
Suppose -2*s = -3*s - 3*k - 11, k = s - 1. Let m be 1/s - 146/(-4). Suppose -5*r + 4*y + 4 = 0, -4*y + m = 5*r - 0*r. What is the units digit of r?
4
Suppose 3*w = 7*w - 56. What is the tens digit of w?
1
Suppose -4*k = -9*k + 265. What is the tens digit of k?
5
Let l(n) = n - 17. Let b be l(0). Let c = b + 34. What is the units digit of c?
7
Let s(q) = q**3 - 2*q - 1. Let d be s(2). Suppose 0 = -4*y + 2*n - 206, -4*y - 5*n - 57 = -d*y. What is the units digit of 2/(-4) + y/(-8)?
6
Let v(t) = -t - 1. Let s be v(0). Let c be (2 - -1*3) + s. Suppose -1 - c = -5*q. What is the units digit of q?
1
Let n = -12 + 13. What is the units digit of n?
1
Suppose -8*t - 30 = -3*t. Let l = -5 - t. What is the units digit of l?
1
Suppose 16*f = 23*f - 1463. What is the units digit of f?
9
Let y(w) = -172*w. Let m be y(-1). Suppose 0*s = -4*s + m. Suppose 3*j = -3, 2*j = 3*z + 4*j - s. What is the units digit of z?
5
Suppose 3 = -3*s, -10 + 79 = 2*l + 5*s. Let f = -41 + 23. Let a = f + l. What is the units digit of a?
9
Suppose -3*k + 3 = h, -9 = 4*h + h + 3*k. Let a = 10 + h. What is the units digit of a?
7
Let q be 8/(-14) - (-36)/14. Suppose 4*r - q*r = 10. What is the units digit of r?
5
Let p = -23 - -102. What is the tens digit of p?
7
Suppose 10 + 10 = 5*k, 3*p = 4*k + 140. What is the units digit of p?
2
Let j(k) = k - 11. Let t be j(15). Suppose 5*p - 14 = o - 0*o, t*p + 5*o - 17 = 0. What is the units digit of p?
3
Let x(v) = -v**2 + 6*v - 3. Let h be x(4). Let d = h + -3. What is the units digit of d?
2
Let m(o) be the first derivative of o**4/4 + 2*o**3 - 3*o**2/2 - 5*o - 6. What is the units digit of m(-6)?
3
Suppose 0 = -0*a + a - 5. Suppose -4*i - 2 = -a*g, -3*g - 8 = -3*i - 4*g. What is the units digit of i?
2
Let c(i) = -10*i - 23. What is the units digit of c(-10)?
7
Suppose 0*k - 3*k + 350 = -5*i, 0 = -5*k + 2*i + 577. What is the hundreds digit of k?
1
Suppose 0 = -6*a + 5*a - 234. What is the units digit of (a/(-27))/(4/6)?
3
What is the tens digit of 152/(-6)*66/(-44)?
3
Let l(j) be the third derivative of j**6/120 + j**5/15 - 7*j**4/24 - 7*j**3/6 + 2*j**2. Let n be l(-5). What is the units digit of n - 1/(-2 - -1)?
4
Let u(x) = 7*x + 15. What is the tens digit of u(7)?
6
Suppose -2*t - 39 = -3*t. Let d = t - 28. What is the units digit of d?
1
Let j(y) be the third derivative of -7*y**6/720 - y**5/120 - y**4/8 - 2*y**2. Let k(a) be the second derivative of j(a). What is the units digit of k(-1)?
6
Suppose 10 = -2*j + 3*j - o, -5*j = o - 32. What is the units digit of j?
7
Let v = -2 - -2. Let g = 3 - v. Let o = g + 4. What is the units digit of o?
7
What is the units digit of (-841)/(-6) - 41/246?
0
Suppose 0 = -2*p + k + 7, k + 3*k = -3*p + 27. Suppose d = p*d - 12, -s + 4*d = 6. Suppose 2*a + a - s = 0. What is the units digit of a?
2
Let j be -5 - -2 - 5/1. Let f = 6 - j. What is the tens digit of f?
1
Let z(b) = b**2 + 18*b - 12. What is the units digit of z(-23)?
3
Suppose -4*l = -d - 12, -l + 0*d + 3 = d. Let t = -2 + l. What is the units digit of t?
1
Let z(q) = q**3 - q. Let t(j) = 3*j**3 + 3*j**2 - 4*j - 2. Let g(l) = -t(l) + 2*z(l). What is the units digit of g(-4)?
0
Let h(q) = -q**3 - 8*q**2 + 9*q - 3. Let o be h(-9). What is the tens digit of o/2*(-18 + 8)?
1
Suppose 2*x + 0*x - 12 = -4*m, 2*x + 5*m - 14 = 0. Let s be (-10 - x)*(-4)/6. Let t(d) = -d**3 + 8*d**2 + 2*d - 11. What is the units digit of t(s)?
5
Let l(x) be the first derivative of 3/2*x**2 + 4*x + 4. What is the tens digit of l(3)?
1
What is the units digit of 58/5 + (-4)/(-10)?
2
Let y be ((-12)/(-2))/3*1. Suppose -2*s - y*l = -3*l - 8, -l = -3*s + 11. Suppose 0*j + 15 = s*j. What is the units digit of j?
5
Suppose 5*m = m + 8. Suppose 2*p + 172 = 4*f - m*p, -5*f = 2*p - 229. What is the tens digit of f?
4
Let z = 5 + -8. Let b be z*1/(9/(-6)). What is the units digit of (-1)/((-4)/6)*b?
3
Let d(i) = -i**3 - 7*i**2 + 7*i + 7. Let j be d(-8). Let w = -9 + j. What is the units digit of w?
6
Let j = -8 + 3. What is the units digit of (-20)/j + 2*16?
6
Suppose 2*z - 96 = g, 196 = 4*z + 3*g - 4*g. Suppose p - z = -4*p. What is the units digit of p - 0 - (-1 - -1)?
0
Suppose -3*o + 147 = -0*o. What is the tens digit of o?
4
Suppose -2*a = -3*a + 139. What is the hundreds digit of a?
1
What is the tens digit of (-4 + 8 - -58) + -3?
5
Let y(z) be the second derivative of -3*z**3/2 + z. What is the units digit of y(-1)?
9
Let j(u) = u**3 - 6*u**2 + 6*u - 3. Let i be j(5). What is the units digit of 82/6 + i/(-3)?
3
Let b = 0 - 6. Let r be (3 - 12)/(-3) - b. Suppose -5*k - 5 = 5*c - 55, 0 = 3*c - r. What is the units digit of k?
7
Let v = -129 + 283. What is the tens digit of v?
5
Suppose -4*l - 12 = -3*l. Let c be (l/(-5))/((-2)/(-10)). Let q(g) = -g**2 + 14*g - 10. What is the tens digit of q(c)?
1
Let p = -8 + 22. Let b = -103 - -101. Let h = b + p. What is the tens digit of h?
1
Let f be 0 - -30 - (-7)/7. Suppose -5*a = -74 - f. What is the tens digit of a?
2
Let s(w) = 2*w**2 - w - 1. Let i be s(3). Let v = 7 - i. What is the units digit of (-16)/56 - 9/v?
1
Let r(u) = -u + 5. Let x be (-2 + 3)/((-1)/(-5)). Let w be r(x). Suppose a = -w*a + 16. What is the tens digit of a?
1
Suppose 2*b + 5*u = 30, b - 4 = 3*u - 0. Let j = 9 - b. What is the units digit of j/(48/(-45) + 1)?
5
What is the hundreds digit of 22/(-99) - 1712/(-9)?
1
Suppose 0 = r + 5*n - 8, -3*r - 2*n = -r - 8. Let z(a) = 3 + 2*a - 5 + 4 - r*a**3 - 4*a**2 + 4*a**3. What is the tens digit of z(4)?
1
Let p be 3/(-21) + 150/21. Let l = p + 2. What is the units digit of l?
9
Let w be (0 + 9)*4/12. Suppose -w*r = -9 - 9. What is the units digit of r?
6
Suppose -t + 4*t - 84 = 0. What is the tens digit of t?
2
Let p = 1 + 2. Let z be (-6)/(0 + 1 - p). Suppose -5*a - 2*x + 42 = 0, 4*x = -2*a + z*x + 17. What is the units digit of a?
8
Let s = -33 - -61. What is the units digit of s?
8
Suppose 0 = -o - o + 3*i - 2, -4*i - 4 = -4*o. Suppose -4*k = -o*u + 31, -2*k - 5 = -u - 0. What is the units digit of u?
7
Let q(v) = -v**2 + 6*v + 4. Let o be q(6). Suppose 5*z - o*w = 43, 4*w - 34 = -z - z. What is the units digit of z?
1
Let n(t) = -4*t - 1 + 6*t - 4*t. What is the units digit of n(-6)?
1
Let k(i) = i + 4. Let c be k(-6). Suppose 4*p + 10 = 2*n, 3*p + n - 6*n + 4 = 0. What is the units digit of (84/p)/c - 3?
1
Suppose -47 - 10 = -n. Suppose -t - 2*t - j = -75, n = 2*t + 3*j. What is the units digit of t?
4
Let w(r) = -36*r**3 + r**2 + r - 2. Let v be w(1). Let y = 58 + v. What is the units digit of y?
2
Suppose 120 = -12*z + 15*z. What is the units digit of z?
0
Let p(s) = s**2 - 4*s + 6. Suppose -v + 3 + 2 = 0. What is the units digit of p(v)?
1
Let f(h) = h**3 - h**2. Let o(g) = 5*g**3 - 12*g**2 - 5*g + 1. Let l(v) = -6*f(v) + o(v). Suppose -5*r + 2*r = 15. What is the units digit of l(r)?
1
Suppose -945 = d - 6*d + 3*w, -d + 189 = 3*w. What is the tens digit of d?
8
Suppose -v + 34 = 4*w, 3*w = v + 6 - 26. S